prime factors of o?
5, 11, 13
Let q(n) = -15*n**3 + 6*n + 3. Let r(p) = 29*p**3 - 11*p - 6. Let m(i) = 5*q(i) + 3*r(i). List the prime factors of m(2).
3, 29
Let i be (5 - 2) + 3/1. Let q(j) = -j**3 - 10*j**2 - 10*j - 206. Let c be q(-9). List the prime factors of c*(0 + 3/i)*-2.
197
Let u = 3728 - 3589. List the prime factors of u.
139
Let x(z) = 73*z - 967. List the prime factors of x(53).
2, 1451
Let a be (-2330)/(-11) - 6/(-33). Suppose q + 4*v - 43 = 2*v, 0 = 4*q - 2*v - a. List the prime factors of q - ((1 - -2) + -3).
3, 17
Suppose -3*j - 96 = 2*r, -155 = 3*r + 4*j - 5*j. What are the prime factors of (-6 - 112)*r/6?
17, 59
Let j be (8/(-14))/((-72)/252). Suppose -3*t + 519 = -2*n, 220 = t + j*n + 55. List the prime factors of t.
3, 19
Suppose -126 = 28*z - 37*z. Suppose -481 + 2609 = z*f. List the prime factors of f.
2, 19
Suppose -2*p - 2*p = 5*u - 71968, -4*u - 36010 = -2*p. What are the prime factors of p?
3, 7, 857
Let c(j) be the third derivative of -1/120*j**6 - 7*j**3 - 17/60*j**5 + 0*j + 9*j**2 - 5/24*j**4 + 0. List the prime factors of c(-17).
43
Suppose -p + 335 + 31 = 5*b, -p + 4*b = -348. Let j = -718 - -721. Suppose 4*s - 265 = 5*i, 0 = j*s + 2*s + 2*i - p. What are the prime factors of s?
2, 5, 7
Let u(a) = -41*a - 51. Let j = 152 + -163. List the prime factors of u(j).
2, 5
Let r(i) = -i + 13. Let q be r(10). Suppose 0 = 4*z - 5*l - 1415, -z - 200 = -q*l - 552. List the prime factors of z.
5, 71
Suppose -x = 3*x - 44. Let n(z) = -5*z + 6 + x - 14*z - 1. What are the prime factors of n(-5)?
3, 37
Suppose -8*a + 2*y + 241990 = 0, -y + 1 = -0*y. What are the prime factors of a?
3, 3361
Let g = 7046 + -4673. Suppose -2*f + 5*t + g = 6*t, f = -t + 1185. List the prime factors of f.
2, 3, 11
Let y = 10404 + -4578. What are the prime factors of y?
2, 3, 971
What are the prime factors of 96/12 - -6712 - (-6)/2?
3, 83
Let t(f) = -2138*f - 103. List the prime factors of t(-2).
3, 13, 107
Let k(u) = 167*u**3 - 6*u**2 + 19*u - 29. What are the prime factors of k(3)?
4483
Let z be 128/2*(-18)/(-4). What are the prime factors of ((-117)/26)/((-3)/z)?
2, 3
Let l(a) = 148*a + 4. Let y be l(17). Suppose 5*r = -u - 4*u + y, 993 = 2*r - 3*u. List the prime factors of r.
3, 167
Suppose -4758*c + 4801*c = 356212. What are the prime factors of c?
2, 19, 109
Suppose 0 = 14*v - 7042 + 21084. Let a = v - -1836. List the prime factors of a.
7, 17
Suppose 215811 = -17*f + 44*f. List the prime factors of f.
7993
Let z(r) = 3*r - 25. Let s be z(10). Suppose s*k + 3*k - 3*k = 0. Suppose 23*a - 19*a - 392 = k. What are the prime factors of a?
2, 7
Let y(p) = p**3 - 29*p**2 + 15*p - 151. Let q be y(29). Let s = 537 - q. What are the prime factors of s?
11, 23
Let u = 7 - 2. Suppose -5 = u*k, 9*h - 6*h = 5*k + 338. What are the prime factors of h?
3, 37
Let i = 4117 - 719. List the prime factors of i.
2, 1699
Let d(y) be the second derivative of -y**5/20 - 7*y**4/6 + y**3/6 + 8*y**2 + 4*y. Let n be d(-14). List the prime factors of (109*n/(-8))/((-5)/20).
109
Suppose -3*o + 3*w - 1283 = -15422, 5*o - 3*w - 23561 = 0. What are the prime factors of o?
7, 673
Let f be ((-4)/3)/(22/(-33)). Suppose 3*x + 9 = -2*z, -4*x - 12 = f*z - z. Suppose 4*m - 50 - 74 = z. List the prime factors of m.
31
Let w be ((-3)/(3*-3))/(14/1512). List the prime factors of w/(-24) - (-370)/4.
7, 13
Let c = 1442 - 1452. Let z(m) be the first derivative of 3*m**2/2 + 35*m + 2. What are the prime factors of z(c)?
5
Let p be (-20)/(-25) - 1352/(-10). List the prime factors of (-4)/p*4 + 26700/85.
2, 157
Suppose 55*v - 628429 = -75*v + 293531. What are the prime factors of v?
2, 3, 197
Suppose 5*i + 27 = -13. What are the prime factors of ((-4908)/(-16))/((-6)/i)?
409
Let v = 221782 - 145102. What are the prime factors of v?
2, 3, 5, 71
Suppose -40*y + 4*y = -19367 - 30205. What are the prime factors of y?
3, 17
Let f(o) = -1718*o - 286. List the prime factors of f(-30).
2, 7, 523
Suppose 0 = 5*y - 3*x - 9713, y + 4*x - 475 - 1463 = 0. What are the prime factors of y?
2, 971
Suppose -2*f = 4*z + 9927 - 30171, -4*z - 3*f = -20244. List the prime factors of z.
3, 7, 241
Let o(a) = 17*a + 74. What are the prime factors of o(109)?
41, 47
List the prime factors of (0 - -1)*(1595 + 6).
1601
List the prime factors of 13564 + -2 - 35/(3 - -4).
3, 4519
Let x be ((-1594)/8)/((-50)/800). Let w = x + -2127. List the prime factors of w.
1061
Let j be 5/25*5*1 - -3. What are the prime factors of (4 - -154) + (0 - 4/j)?
157
Let o = -93 - -188. Let u be (-4)/(-18) + (-70)/(-90). Suppose 0 = -v - 5*f + o, 2*f - u - 3 = 0. List the prime factors of v.
5, 17
Let q = 10576 + -5801. List the prime factors of q.
5, 191
Let z(c) = -20*c**3. Let x be z(1). Let s = x + 56. List the prime factors of (1 - (-1722)/27) + 8/s.
5, 13
Let q(o) = 12*o - 8. Let s be q(-2). Suppose 3*i - 4*t - 231 = 0, i - 5*t + t = 77. Let p = s + i. List the prime factors of p.
3, 5
Let z(a) = -3855*a**3 - 3*a**2 + 7*a + 8. List the prime factors of z(-1).
3853
Let z(m) = -4501*m**3 + m**2 - 3*m - 4. Let p be z(-1). Suppose -9*t = -2*t - p. Suppose 4*u - t = -3*f - u, u + 1053 = 5*f. What are the prime factors of f?
211
Let q(k) = k**3 + 27*k**2 + 23*k - 17. Let a be q(-16). Suppose -73*b = -62*b - a. What are the prime factors of b?
13, 17
Let f(k) = k**3 + 62*k**2 + 22*k + 41. List the prime factors of f(-55).
2, 7, 1429
Suppose 3*m - 324 = 291. List the prime factors of (264/(-30))/((-2)/m).
2, 11, 41
Let n be 930/(-9)*24/(-10). Suppose 58*t - 560 = 18*t. Suppose t*b = 10*b + n. What are the prime factors of b?
2, 31
Suppose 13751 = 17*m - 43386. List the prime factors of m.
3361
List the prime factors of 642535/30 + (-1 - 2)/(-18).
2, 10709
Suppose -24 - 16 = -10*k. Suppose 2*x - 11 = 2*v - 3, 16 = k*x. List the prime factors of 43 + (8 - v)/2.
47
Let q(j) = j**3 + 16*j**2 + 13*j - 21. Suppose 48 = 140*d - 144*d. What are the prime factors of q(d)?
3, 7, 19
Suppose 0 = -15*m + 52*m + 52466. Let i = -614 - m. List the prime factors of i.
2, 3, 67
Let l(g) = g**3 - 3*g**2 + 3*g - 2. Let n be l(2). Suppose n*d - 24 = 4*d. List the prime factors of (-3)/2*208/d.
2, 13
Let q be ((-3)/4)/(95/(-1900)). Let f be (-2 + -1)*8/3. Let n = f + q. List the prime factors of n.
7
Suppose -597 = 10*y - 78767. List the prime factors of y.
7817
Let r be -8*(5320/(-64))/35. Suppose -3*m = 2*m - 1980. Suppose -22*o + m = -r*o. What are the prime factors of o?
2, 3, 11
Let a = -50270 - -118800. What are the prime factors of a?
2, 5, 7, 11, 89
Suppose 3*k + 5*r = 669, -7*k + 12*k - 2*r - 1115 = 0. Let y = k - -473. List the prime factors of y.
2, 3, 29
Suppose -3*i = 2*h - i - 538, 3*h + 2*i = 802. Let c = h - 545. Let b = c + 416. List the prime factors of b.
3, 5
Let w be -66*(-9)/108 - 3/2. Suppose 2*b - 3*t = 50 + 226, 2*t - 520 = -w*b. List the prime factors of b.
2, 3, 11
Let y be 2/(-8) + (-333)/(-4). Let r = 322 - y. List the prime factors of r.
239
Suppose 0 = -13721*g + 13734*g - 119431. List the prime factors of g.
9187
Suppose 3*y + 5*p - 5593 = -y, 2*y - 4*p - 2764 = 0. Let o = y + -170. List the prime factors of 4 + 45/(-12) + o/8.
3, 17
List the prime factors of 26/(130/(-785))*-531.
3, 59, 157
Let n be (-5 + 13)*(-3)/(-3 - -6). Let q(t) = 2*t**2 - t + 69. List the prime factors of q(n).
5, 41
Suppose -111363 = -4*x - 9*f, 2*x = -5*f + 17416 + 38263. What are the prime factors of x?
2, 3, 11, 211
Let g(l) = -2*l**3 + 7*l**2 - 9*l + 3. Let z be g(1). Let y(s) = -s**2 - 9*s - 8. Let b be y(-7). What are the prime factors of (66 - z)*18/b?
3, 67
Suppose -6*s = -4*z - 22446, -15*s = -18*s - 2*z + 11199. List the prime factors of s.
37, 101
Let n(t) = t**3 - 17*t**2 + 18*t - 26. Let o be n(16). Suppose 6953 + 565 = o*u. What are the prime factors of u?
7, 179
Suppose i + 0*y - 4 = 3*y, y + 4 = 3*i. Suppose 3*a - 6 = 6. What are the prime factors of 33/i - (-3 + a)*-3?
2, 3
Let q = -36938 + 82466. List the prime factors of q.
2, 3, 7, 271
Suppose 13*g + 4 = 9*g. Let d(s) = 370*s**2 + 6*s + 7. List the prime factors of d(g).
7, 53
Suppose -5*m + 1159 = -1. Suppose -121 = -m*t + 231*t. List the prime factors of t.
11
Let f(i) = 5*i**2 + 119*i - 103. List the prime factors of f(-63).
5, 31, 79
Let d be (-24)/((-4)/1) - 913. Let k = -48 - d. 